{"id":2,"date":"2020-01-06T15:48:16","date_gmt":"2020-01-06T14:48:16","guid":{"rendered":"http:\/\/juliemielcarek.com\/?page_id=2"},"modified":"2020-02-11T17:06:56","modified_gmt":"2020-02-11T16:06:56","slug":"julie-mielcarek-2","status":"publish","type":"page","link":"https:\/\/juliemielcarek.com\/","title":{"rendered":"Voix-off fran\u00e7aise, f\u00e9minine et bilingue"},"content":{"rendered":"\n<p>Vous \u00eates \u00e0 la recherche d&rsquo;une voix f\u00e9minine ? Je mets <em>la mienne<\/em> \u00e0 votre disposition.  <\/p>\n\n\n\n<p><a href=\"http:\/\/juliemielcarek.com\/index.php\/demos-audio\/\">Cette voix<\/a>, je l\u2019ai travaill\u00e9e et je la travaille encore, au quotidien.<\/p>\n\n\n\n<p>Il en va de m\u00eame pour la technique. \u00c9quip\u00e9e de <em>mon propre home-studio<\/em>, je cherche toujours \u00e0 fournir un son de qualit\u00e9 pour un rendu final optimal.<\/p>\n\n\n\n<p>N\u2019h\u00e9sitez pas \u00e0 <a href=\"http:\/\/juliemielcarek.com\/index.php\/julie-vo\/contact\/\">me contacter<\/a>. Ensemble, nous d\u00e9ciderons des meilleurs options pour donner une \u00e2me \u00e0 votre projet.  <\/p>\n\n\n\n<p>Que ce soit un <em>film institutionnel<\/em>, une <em>publicit\u00e9<\/em>, un <em>spot radio<\/em>, un <em>accueil t\u00e9l\u00e9phonique<\/em>, un <em>jeu vid\u00e9o<\/em>, un personnage d\u2019<em>escape-game<\/em>, de l\u2019<em>E-learning<\/em> ou un <em>audiobook<\/em>, j\u2019adapterai ma voix en cons\u00e9quence, en fran\u00e7ais ou en anglais (avec un accent US ou bien de chez nous)*.<\/p>\n\n\n\n<p>Je vous propose \u00e9galement mes services de traduction. Pour en savoir plus, je vous invite \u00e0 cliquer <a href=\"http:\/\/juliemielcarek.com\/index.php\/julie-vo\/traduction\/\">ici<\/a>.<\/p>\n\n\n\n<p class=\"has-small-font-size\"><em>* Il m\u2019est possible de r\u00e9aliser des enregistrements en italien ou en n\u00e9erlandais avec un accent fran\u00e7ais plus ou moins l\u00e9ger.<\/em><\/p>\n\n\n\n<h4 class=\"wp-block-heading\">Comment \u00e7a marche ? <\/h4>\n\n\n\n<p>Rien de plus simple, envoyez moi un message via le <a href=\"http:\/\/juliemielcarek.com\/index.php\/julie-vo\/contact\/\">formulaire de contact<\/a> ou directement \u00e0 mon adresse mail : ju.mielcarek@gmail.com <\/p>\n\n\n\n<p>Envoyez-moi <em>votre script<\/em> et le type de <em>diffusion <\/em>pr\u00e9vue et je vous fournirai un devis. D\u00e8s que nous aurons convenu d&rsquo;un accord, je me mettrai \u00e0 l&rsquo;ouvrage. En g\u00e9n\u00e9ral, 24 heures suffisent pour produire un enregistrement. Pour les gros volumes (narration, e-learning&#8230;) ou les projets plus techniques (time-sync ou calage vid\u00e9o) il conviendra d&rsquo;en discuter au pr\u00e9alable. <\/p>\n\n\n\n<h4 class=\"wp-block-heading\">Et si\nje ne suis pas apte \u00e0 fournir une bonne prestation&nbsp;?<\/h4>\n\n\n\n<p>S\u2019il advenait que je ne sois pas en mesure de fournir une prestation optimale ou dans le respect du cr\u00e9neau imparti, je vous le dirai honn\u00eatement et vous recommanderai <a href=\"http:\/\/juliemielcarek.com\/index.php\/mes-collegues\/\">l\u2019un.e de mes coll\u00e8gues<\/a>.  <\/p>\n","protected":false},"excerpt":{"rendered":"<p>Vous \u00eates \u00e0 la recherche d&rsquo;une voix f\u00e9minine ? Je mets la mienne \u00e0 votre disposition. Cette voix, je l\u2019ai travaill\u00e9e et je la travaille encore, au quotidien. Il en va de m\u00eame pour la technique. \u00c9quip\u00e9e de mon propre home-studio, je cherche toujours \u00e0 fournir un son de qualit\u00e9 pour un rendu final optimal.&hellip; <a class=\"more-link\" href=\"https:\/\/juliemielcarek.com\/\">Poursuivre la lecture <span class=\"screen-reader-text\">Voix-off fran\u00e7aise, f\u00e9minine et bilingue<\/span><\/a><\/p>\n","protected":false},"author":1,"featured_media":140,"parent":0,"menu_order":1,"comment_status":"closed","ping_status":"open","template":"templates\/template-full-width.php","meta":{"footnotes":""},"class_list":["post-2","page","type-page","status-publish","has-post-thumbnail","hentry","entry"],"yoast_head":"<!-- This site is optimized with the Yoast SEO plugin v15.7 - https:\/\/yoast.com\/wordpress\/plugins\/seo\/ -->\n<title>Voix-off fran\u00e7aise, f\u00e9minine et bilingue - Julie - VO voix femme FR\/US<\/title>\n<meta name=\"description\" content=\"Voix de femme jeune et enjou\u00e9e. voix-off francais\/anglais US pour tous vos projets: publicit\u00e9, IVR, e-learning, narration, vid\u00e9os institutionnelles...\" \/>\n<meta name=\"robots\" content=\"index, follow, max-snippet:-1, max-image-preview:large, max-video-preview:-1\" \/>\n<link rel=\"canonical\" href=\"https:\/\/juliemielcarek.com\/\" \/>\n<meta property=\"og:locale\" content=\"fr_FR\" \/>\n<meta property=\"og:type\" content=\"article\" \/>\n<meta property=\"og:title\" content=\"Voix-off fran\u00e7aise, f\u00e9minine et bilingue - Julie - VO voix femme FR\/US\" \/>\n<meta property=\"og:description\" content=\"Voix de femme jeune et enjou\u00e9e. voix-off francais\/anglais US pour tous vos projets: publicit\u00e9, IVR, e-learning, narration, vid\u00e9os institutionnelles...\" \/>\n<meta property=\"og:url\" content=\"https:\/\/juliemielcarek.com\/\" \/>\n<meta property=\"og:site_name\" content=\"Julie - VO\" \/>\n<meta property=\"article:modified_time\" content=\"2020-02-11T16:06:56+00:00\" \/>\n<meta property=\"og:image\" content=\"https:\/\/juliemielcarek.com\/wp-content\/uploads\/2020\/01\/Julie-VO-3kjg.png\" \/>\n\t<meta property=\"og:image:width\" content=\"820\" \/>\n\t<meta property=\"og:image:height\" content=\"312\" \/>\n<meta name=\"twitter:card\" content=\"summary_large_image\" \/>\n<meta name=\"twitter:label1\" content=\"Dur\u00e9e de lecture est.\">\n\t<meta name=\"twitter:data1\" content=\"2 minutes\">\n<script type=\"application\/ld+json\" class=\"yoast-schema-graph\">{\"@context\":\"https:\/\/schema.org\",\"@graph\":[{\"@type\":[\"Person\",\"Organization\"],\"@id\":\"https:\/\/juliemielcarek.com\/#\/schema\/person\/cc39c8261e0e59b9767e88d58a4d69a7\",\"name\":\"admin1131\",\"image\":{\"@type\":\"ImageObject\",\"@id\":\"https:\/\/juliemielcarek.com\/#personlogo\",\"inLanguage\":\"fr-FR\",\"url\":\"https:\/\/juliemielcarek.com\/wp-content\/uploads\/2020\/02\/Sans-titre-1.png\",\"width\":378,\"height\":251,\"caption\":\"admin1131\"},\"logo\":{\"@id\":\"https:\/\/juliemielcarek.com\/#personlogo\"}},{\"@type\":\"WebSite\",\"@id\":\"https:\/\/juliemielcarek.com\/#website\",\"url\":\"https:\/\/juliemielcarek.com\/\",\"name\":\"Julie - VO\",\"description\":\"\",\"publisher\":{\"@id\":\"https:\/\/juliemielcarek.com\/#\/schema\/person\/cc39c8261e0e59b9767e88d58a4d69a7\"},\"potentialAction\":[{\"@type\":\"SearchAction\",\"target\":\"https:\/\/juliemielcarek.com\/?s={search_term_string}\",\"query-input\":\"required name=search_term_string\"}],\"inLanguage\":\"fr-FR\"},{\"@type\":\"ImageObject\",\"@id\":\"https:\/\/juliemielcarek.com\/#primaryimage\",\"inLanguage\":\"fr-FR\",\"url\":\"https:\/\/juliemielcarek.com\/wp-content\/uploads\/2020\/01\/Julie-VO-3kjg.png\",\"width\":820,\"height\":312,\"caption\":\"Julie_Mielcarek_voice_over_voix_off_french_francaise\"},{\"@type\":\"WebPage\",\"@id\":\"https:\/\/juliemielcarek.com\/#webpage\",\"url\":\"https:\/\/juliemielcarek.com\/\",\"name\":\"Voix-off fran\\u00e7aise, f\\u00e9minine et bilingue - Julie - VO voix femme FR\/US\",\"isPartOf\":{\"@id\":\"https:\/\/juliemielcarek.com\/#website\"},\"primaryImageOfPage\":{\"@id\":\"https:\/\/juliemielcarek.com\/#primaryimage\"},\"datePublished\":\"2020-01-06T14:48:16+00:00\",\"dateModified\":\"2020-02-11T16:06:56+00:00\",\"description\":\"Voix de femme jeune et enjou\\u00e9e. voix-off francais\/anglais US pour tous vos projets: publicit\\u00e9, IVR, e-learning, narration, vid\\u00e9os institutionnelles...\",\"inLanguage\":\"fr-FR\",\"potentialAction\":[{\"@type\":\"ReadAction\",\"target\":[\"https:\/\/juliemielcarek.com\/\"]}]}]}<\/script>\n<!-- \/ Yoast SEO plugin. -->","_links":{"self":[{"href":"https:\/\/juliemielcarek.com\/index.php\/wp-json\/wp\/v2\/pages\/2","targetHints":{"allow":["GET"]}}],"collection":[{"href":"https:\/\/juliemielcarek.com\/index.php\/wp-json\/wp\/v2\/pages"}],"about":[{"href":"https:\/\/juliemielcarek.com\/index.php\/wp-json\/wp\/v2\/types\/page"}],"author":[{"embeddable":true,"href":"https:\/\/juliemielcarek.com\/index.php\/wp-json\/wp\/v2\/users\/1"}],"replies":[{"embeddable":true,"href":"https:\/\/juliemielcarek.com\/index.php\/wp-json\/wp\/v2\/comments?post=2"}],"version-history":[{"count":15,"href":"https:\/\/juliemielcarek.com\/index.php\/wp-json\/wp\/v2\/pages\/2\/revisions"}],"predecessor-version":[{"id":196,"href":"https:\/\/juliemielcarek.com\/index.php\/wp-json\/wp\/v2\/pages\/2\/revisions\/196"}],"wp:featuredmedia":[{"embeddable":true,"href":"https:\/\/juliemielcarek.com\/index.php\/wp-json\/wp\/v2\/media\/140"}],"wp:attachment":[{"href":"https:\/\/juliemielcarek.com\/index.php\/wp-json\/wp\/v2\/media?parent=2"}],"curies":[{"name":"wp","href":"https:\/\/api.w.org\/{rel}","templated":true}]}}