{"id":120,"date":"2020-01-20T16:58:12","date_gmt":"2020-01-20T15:58:12","guid":{"rendered":"http:\/\/juliemielcarek.com\/?page_id=120"},"modified":"2020-02-12T16:52:55","modified_gmt":"2020-02-12T15:52:55","slug":"mes-collegues","status":"publish","type":"page","link":"https:\/\/juliemielcarek.com\/index.php\/mes-collegues\/","title":{"rendered":"Mes coll\u00e8gues"},"content":{"rendered":"\n<h2 class=\"wp-block-heading\">Marusjka Sistermans<\/h2>\n\n\n\n<p>Retrouvez Marusjka pour tous vos enregistrements en n\u00e9erlandais, allemand ou anglais GB : <a href=\"http:\/\/www.marusjka.com\">www.marusjka.com<\/a> <br>Forte de plus de 10 ans d&rsquo;exp\u00e9rience \u00e0 l&rsquo;international, Marusjka est une voix-off accomplie mais aussi une traductrice hors pair. <\/p>\n\n\n\n<h2 class=\"wp-block-heading\">David Richard <\/h2>\n\n\n\n<p>Si vous \u00eates en qu\u00eate d&rsquo;une voix fran\u00e7aise masculine (m\u00e9dium-grave), je ne saurais que trop vous recommander David ! Avec plus de 10 ans de m\u00e9tier dans tous les secteurs de la voix-off, David est aussi s\u00e9rieux dans son travail qu&rsquo;amical. <br>Retrouvez ses d\u00e9mos et son parcours ici :  <a href=\"http:\/\/davidvoixoff.fr\/\">http:\/\/davidvoixoff.fr\/<\/a> <\/p>\n\n\n\n<h2 class=\"wp-block-heading\">Me contacter&#8230;<\/h2>\n\n\n\n<p>Vous avez un projet qui requiert plusieurs voix et vous souhaitez faire appel \u00e0 mes services ainsi qu&rsquo;\u00e0 ceux de l&rsquo;un.e de mes coll\u00e8gues ? Je peux vous mettre en relation, voire m\u00eame contacter mes coll\u00e8gues pour vous. <br><br>Si vous \u00eates \u00e0 la recherche d&rsquo;une voix de femme jeune et souriante, contactez-moi via le <a href=\"https:\/\/juliemielcarek.com\/index.php\/julie-mielcarek-2\/contact\/\">formulaire de contact<\/a>. <br><\/p>\n","protected":false},"excerpt":{"rendered":"<p>Marusjka Sistermans Retrouvez Marusjka pour tous vos enregistrements en n\u00e9erlandais, allemand ou anglais GB : www.marusjka.com Forte de plus de 10 ans d&rsquo;exp\u00e9rience \u00e0 l&rsquo;international, Marusjka est une voix-off accomplie mais aussi une traductrice hors pair. David Richard Si vous \u00eates en qu\u00eate d&rsquo;une voix fran\u00e7aise masculine (m\u00e9dium-grave), je ne saurais que trop vous recommander&hellip; <a class=\"more-link\" href=\"https:\/\/juliemielcarek.com\/index.php\/mes-collegues\/\">Poursuivre la lecture <span class=\"screen-reader-text\">Mes coll\u00e8gues<\/span><\/a><\/p>\n","protected":false},"author":1,"featured_media":0,"parent":0,"menu_order":0,"comment_status":"closed","ping_status":"closed","template":"","meta":{"footnotes":""},"class_list":["post-120","page","type-page","status-publish","hentry","entry"],"yoast_head":"<!-- This site is optimized with the Yoast SEO plugin v15.7 - https:\/\/yoast.com\/wordpress\/plugins\/seo\/ -->\n<title>Mes coll\u00e8gues - Julie - VO Voix femme FR voix-off<\/title>\n<meta name=\"description\" content=\"Besoin d&#039;une voix-off pour donner vie \u00e0 votre script. Je mets ma voix \u00e0 votre service! Voix de femme f\u00e9minine et souriante en fran\u00e7ais et anglais US.\" \/>\n<meta name=\"robots\" content=\"index, follow, max-snippet:-1, max-image-preview:large, max-video-preview:-1\" \/>\n<link rel=\"canonical\" href=\"https:\/\/juliemielcarek.com\/index.php\/mes-collegues\/\" \/>\n<meta property=\"og:locale\" content=\"fr_FR\" \/>\n<meta property=\"og:type\" content=\"article\" \/>\n<meta property=\"og:title\" content=\"Mes coll\u00e8gues - Julie - VO Voix femme FR voix-off\" \/>\n<meta property=\"og:description\" content=\"Besoin d&#039;une voix-off pour donner vie \u00e0 votre script. Je mets ma voix \u00e0 votre service! Voix de femme f\u00e9minine et souriante en fran\u00e7ais et anglais US.\" \/>\n<meta property=\"og:url\" content=\"https:\/\/juliemielcarek.com\/index.php\/mes-collegues\/\" \/>\n<meta property=\"og:site_name\" content=\"Julie - VO\" \/>\n<meta property=\"article:modified_time\" content=\"2020-02-12T15:52:55+00:00\" \/>\n<meta name=\"twitter:card\" content=\"summary_large_image\" \/>\n<meta name=\"twitter:label1\" content=\"Dur\u00e9e de lecture est.\">\n\t<meta name=\"twitter:data1\" content=\"1 minute\">\n<script type=\"application\/ld+json\" class=\"yoast-schema-graph\">{\"@context\":\"https:\/\/schema.org\",\"@graph\":[{\"@type\":[\"Person\",\"Organization\"],\"@id\":\"https:\/\/juliemielcarek.com\/#\/schema\/person\/cc39c8261e0e59b9767e88d58a4d69a7\",\"name\":\"admin1131\",\"image\":{\"@type\":\"ImageObject\",\"@id\":\"https:\/\/juliemielcarek.com\/#personlogo\",\"inLanguage\":\"fr-FR\",\"url\":\"https:\/\/juliemielcarek.com\/wp-content\/uploads\/2020\/02\/Sans-titre-1.png\",\"width\":378,\"height\":251,\"caption\":\"admin1131\"},\"logo\":{\"@id\":\"https:\/\/juliemielcarek.com\/#personlogo\"}},{\"@type\":\"WebSite\",\"@id\":\"https:\/\/juliemielcarek.com\/#website\",\"url\":\"https:\/\/juliemielcarek.com\/\",\"name\":\"Julie - VO\",\"description\":\"\",\"publisher\":{\"@id\":\"https:\/\/juliemielcarek.com\/#\/schema\/person\/cc39c8261e0e59b9767e88d58a4d69a7\"},\"potentialAction\":[{\"@type\":\"SearchAction\",\"target\":\"https:\/\/juliemielcarek.com\/?s={search_term_string}\",\"query-input\":\"required name=search_term_string\"}],\"inLanguage\":\"fr-FR\"},{\"@type\":\"WebPage\",\"@id\":\"https:\/\/juliemielcarek.com\/index.php\/mes-collegues\/#webpage\",\"url\":\"https:\/\/juliemielcarek.com\/index.php\/mes-collegues\/\",\"name\":\"Mes coll\\u00e8gues - Julie - VO Voix femme FR voix-off\",\"isPartOf\":{\"@id\":\"https:\/\/juliemielcarek.com\/#website\"},\"datePublished\":\"2020-01-20T15:58:12+00:00\",\"dateModified\":\"2020-02-12T15:52:55+00:00\",\"description\":\"Besoin d'une voix-off pour donner vie \\u00e0 votre script. Je mets ma voix \\u00e0 votre service! Voix de femme f\\u00e9minine et souriante en fran\\u00e7ais et anglais US.\",\"inLanguage\":\"fr-FR\",\"potentialAction\":[{\"@type\":\"ReadAction\",\"target\":[\"https:\/\/juliemielcarek.com\/index.php\/mes-collegues\/\"]}]}]}<\/script>\n<!-- \/ Yoast SEO plugin. -->","_links":{"self":[{"href":"https:\/\/juliemielcarek.com\/index.php\/wp-json\/wp\/v2\/pages\/120","targetHints":{"allow":["GET"]}}],"collection":[{"href":"https:\/\/juliemielcarek.com\/index.php\/wp-json\/wp\/v2\/pages"}],"about":[{"href":"https:\/\/juliemielcarek.com\/index.php\/wp-json\/wp\/v2\/types\/page"}],"author":[{"embeddable":true,"href":"https:\/\/juliemielcarek.com\/index.php\/wp-json\/wp\/v2\/users\/1"}],"replies":[{"embeddable":true,"href":"https:\/\/juliemielcarek.com\/index.php\/wp-json\/wp\/v2\/comments?post=120"}],"version-history":[{"count":2,"href":"https:\/\/juliemielcarek.com\/index.php\/wp-json\/wp\/v2\/pages\/120\/revisions"}],"predecessor-version":[{"id":185,"href":"https:\/\/juliemielcarek.com\/index.php\/wp-json\/wp\/v2\/pages\/120\/revisions\/185"}],"wp:attachment":[{"href":"https:\/\/juliemielcarek.com\/index.php\/wp-json\/wp\/v2\/media?parent=120"}],"curies":[{"name":"wp","href":"https:\/\/api.w.org\/{rel}","templated":true}]}}